5?
124
What is the remainder when 1841730 is divided by 164?
10
Calculate the remainder when 682962 is divided by 236.
214
Calculate the remainder when 272376 is divided by 2611.
832
What is the remainder when 975982 is divided by 975972?
10
Calculate the remainder when 395011 is divided by 1267.
974
What is the remainder when 521048 is divided by 260506?
36
Calculate the remainder when 559281348 is divided by 7789.
7781
Calculate the remainder when 4189025 is divided by 530.
435
What is the remainder when 266715 is divided by 3921?
87
What is the remainder when 240077940 is divided by 2692?
2688
What is the remainder when 7349478 is divided by 27?
24
Calculate the remainder when 6208811 is divided by 776100.
11
Calculate the remainder when 616742 is divided by 616738.
4
What is the remainder when 429991 is divided by 32?
7
What is the remainder when 299598 is divided by 3700?
3598
Calculate the remainder when 98666 is divided by 387.
368
What is the remainder when 38214 is divided by 222?
30
Calculate the remainder when 198293843 is divided by 94.
91
What is the remainder when 68489 is divided by 2969?
202
What is the remainder when 388800 is divided by 97138?
248
Calculate the remainder when 78378 is divided by 17927.
6670
What is the remainder when 4910126 is divided by 818334?
122
Calculate the remainder when 1254518 is divided by 581.
139
What is the remainder when 91475 is divided by 236?
143
Calculate the remainder when 21038 is divided by 20785.
253
What is the remainder when 8043802 is divided by 7925?
7852
Calculate the remainder when 213495 is divided by 70732.
1299
What is the remainder when 5255499 is divided by 6?
3
Calculate the remainder when 49661523 is divided by 803.
791
What is the remainder when 43359 is divided by 3507?
1275
Calculate the remainder when 17591581 is divided by 810.
1
Calculate the remainder when 1080458 is divided by 6926.
2
What is the remainder when 737444 is divided by 9702?
92
Calculate the remainder when 20598183 is divided by 265.
263
Calculate the remainder when 8373500 is divided by 64.
60
What is the remainder when 401959 is divided by 100446?
175
Calculate the remainder when 7697332 is divided by 1924332.
4
What is the remainder when 2984192195 is divided by 97?
96
Calculate the remainder when 2407333 is divided by 616.
5
What is the remainder when 4060107 is divided by 30?
27
What is the remainder when 17738550 is divided by 8869174?
202
What is the remainder when 1308323 is divided by 984?
587
Calculate the remainder when 1881006446 is divided by 277.
274
What is the remainder when 514161 is divided by 7790?
21
What is the remainder when 364474238 is divided by 863?
859
Calculate the remainder when 120634761 is divided by 757.
755
What is the remainder when 3495945 is divided by 450?
345
What is the remainder when 14864 is divided by 132?
80
What is the remainder when 4080968 is divided by 1744?
8
Calculate the remainder when 2281838 is divided by 1950.
338
Calculate the remainder when 47163241 is divided by 38.
35
What is the remainder when 24635501 is divided by 773?
764
Calculate the remainder when 161814 is divided by 4256.
86
What is the remainder when 107556 is divided by 1218?
372
What is the remainder when 7459028 is divided by 621572?
164
Calculate the remainder when 247953 is divided by 77197.
16362
Calculate the remainder when 566795 is divided by 373.
208
What is the remainder when 20664609 is divided by 291050?
59
Calculate the remainder when 80860 is divided by 2904.
2452
What is the remainder when 322809 is divided by 4611?
39
What is the remainder when 12945467 is divided by 6472724?
19
Calculate the remainder when 281966 is divided by 279078.
2888
What is the remainder when 29752990 is divided by 288?
286
Calculate the remainder when 85225715 is divided by 1476.
1475
Calculate the remainder when 12740635 is divided by 4837.
4814
What is the remainder when 162110 is divided by 1031?
243
Calculate the remainder when 67789 is divided by 32753.
2283
Calculate the remainder when 4867621 is divided by 44.
33
What is the remainder when 3038207 is divided by 1038?
1019
Calculate the remainder when 36571 is divided by 1820.
171
Calculate the remainder when 25920 is divided by 8579.
183
What is the remainder when 22086631 is divided by 2379?
2374
Calculate the remainder when 4132642 is divided by 133309.
63
Calculate the remainder when 11394164 is divided by 2848534.
28
What is the remainder when 8608680 is divided by 7156?
12
What is the remainder when 2218416 is divided by 1698?
828
Calculate the remainder when 7874532 is divided by 21.
15
What is the remainder when 12683 is divided by 485?
73
Calculate the remainder when 326497 is divided by 615.
547
Calculate the remainder when 223421769 is divided by 196.
193
What is the remainder when 9371 is divided by 4534?
303
Calculate the remainder when 411752 is divided by 2565.
1352
Calculate the remainder when 99217 is divided by 49386.
445
What is the remainder when 20758720 is divided by 755?
750
Calculate the remainder when 193662 is divided by 96720.
222
Calculate the remainder when 32253935 is divided by 22.
21
What is the remainder when 19475229 is divided by 96?
93
What is the remainder when 481027 is divided by 1840?
787
Calculate the remainder when 307595 is divided by 167.
148
Calculate the remainder when 304035 is divided by 194.
37
What is the remainder when 5514388 is divided by 57?
37
What is the remainder when 209737 is divided by 2937?
1210
Calculate the remainder when 4381899 is divided by 625985.
4
What is the remainder when 310130 is divided by 44044?
1822
Calculate the remainder when 486150 is divided by 1768.
1718
What is the remainder when 146775 is divided by 69?
12
What is the remainder when 150681411 is divided by 169?
166
Calculate the remainder when 21303267 is divided by 1331452.
35
What is the remainder when 2028127 is divided by 534?
529
Calculate the remainder when 4053976 is divided by 1008.
808
What is the remainder when 2029321 is divided by 3554?
3541
Calculate the remainder when 2245563 is divided by 40.
3
What is the remainder when 1092029 is divided by 136498?
45
Calculate the remainder when 1245501 is divided by 19.
13
Calculate the remainder when 15303 is divided by 5957.
3389
What is the remainder when 1009695 is divided by 102?
99
What is the remainder when 530642 is divided by 16522?
1938
Calculate the remainder when 40955504 is divided by 1783.
1777
What is the remainder when 25308313 is divided by 4451?
4378
Calculate the remainder when 3871197 is divided by 400.
397
Calculate the remainder when 55273458 is divided by 2210938.
8
Calculate the remainder when 293758 is divided by 22596.
10
Calculate the remainder when 4162844 is divided by 54770.
324
What is the remainder when 723283 is divided by 911?
860
Calculate the remainder when 2002199 is divided by 43.
33
Calculate the remainder when 534053 is divided by 2467.
1181
Calculate the remainder when 10849361 is divided by 1837.
39
Calculate the remainder when 9645231 is divided by 44.
35
What is the remainder when 2208814 is divided by 86?
76
Calculate the remainder when 203179509 is divided by 24.
21
What is the remainder when 31830 is divided by 2779?
1261
What is the remainder when 14632397 is divided by 5?
2
What is the remainder when 609807461 is divided by 33?
32
Calculate the remainder when 16281184 is divided by 772.
476
Calculate the remainder when 19833 is divided by 2580.
1773
Calculate the remainder when 1767584 is divided by 1767580.
4
What is the remainder when 3044543 is divided by 71?
63
What is the remainder when 1263766 is divided by 2135?
1981
Calculate the remainder when 4274007 is divided by 1690.
1687
Calculate the remainder when 6884473 is divided by 195.
193
What is the remainder when 1716785 is divided by 132057?
44
What is the remainder when 7442612 is divided by 184?
180
Calculate the remainder when 368880 is divided by 6874.
4558
What is the remainder when 360777155 is divided by 81?
77
What is the remainder when 2833582 is divided by 290?
282
Calculate the remainder when 21101624 is divided by 322.
320
Calculate the remainder when 3306625 is divided by 1159.
1157
Calculate the remainder when 33626444 is divided b